95 (base 10) in base 4?
-1133
Convert 49 (base 10) to base 14.
37
104 (base 5) to base 6
45
What is 1 (base 2) in base 8?
1
Convert 101001010 (base 2) to base 8.
512
Convert 41 (base 6) to base 16.
19
10 (base 10) to base 13
a
Convert -9 (base 14) to base 15.
-9
What is -1 (base 4) in base 11?
-1
2224 (base 5) to base 8
472
Convert 54 (base 7) to base 16.
27
-102 (base 10) to base 13
-7b
-6 (base 14) to base 12
-6
What is 17 (base 15) in base 9?
24
What is 3 (base 6) in base 4?
3
What is 8 (base 12) in base 3?
22
6 (base 14) to base 13
6
What is 3 (base 9) in base 6?
3
-1 (base 4) to base 5
-1
Convert 1113 (base 4) to base 13.
69
440 (base 5) to base 11
aa
Convert -34 (base 16) to base 12.
-44
Convert -2 (base 12) to base 13.
-2
What is 51 (base 7) in base 14?
28
What is 0 (base 16) in base 12?
0
Convert 24 (base 11) to base 2.
11010
What is 2 (base 16) in base 6?
2
What is -30 (base 7) in base 4?
-111
Convert 2010 (base 3) to base 12.
49
-3 (base 16) to base 5
-3
What is 52 (base 6) in base 11?
2a
1e (base 15) to base 8
35
-27 (base 13) to base 5
-113
What is 103 (base 6) in base 4?
213
-1 (base 3) to base 9
-1
3 (base 4) to base 12
3
-1 (base 5) to base 8
-1
What is 42 (base 5) in base 14?
18
98 (base 10) to base 2
1100010
What is 15 (base 8) in base 12?
11
-1 (base 5) to base 6
-1
Convert 1 (base 4) to base 2.
1
Convert -22 (base 11) to base 12.
-20
Convert -3 (base 9) to base 6.
-3
1011001 (base 2) to base 15
5e
What is 3 (base 6) in base 14?
3
Convert 2 (base 6) to base 7.
2
-8 (base 10) to base 6
-12
Convert -4 (base 8) to base 14.
-4
-78 (base 13) to base 5
-344
What is -1010 (base 2) in base 6?
-14
What is -111111 (base 2) in base 15?
-43
Convert -6 (base 15) to base 12.
-6
Convert 3 (base 8) to base 7.
3
3 (base 12) to base 7
3
Convert -10 (base 7) to base 2.
-111
Convert 0 (base 13) to base 8.
0
-431 (base 6) to base 5
-1123
d (base 15) to base 3
111
Convert -48 (base 10) to base 7.
-66
What is -1 (base 3) in base 7?
-1
Convert -206 (base 7) to base 2.
-1101000
14 (base 16) to base 13
17
-3 (base 13) to base 3
-10
Convert -13 (base 9) to base 13.
-c
-12 (base 4) to base 15
-6
What is -5 (base 11) in base 3?
-12
Convert -6 (base 7) to base 2.
-110
-1 (base 6) to base 8
-1
Convert -10 (base 4) to base 8.
-4
100222 (base 3) to base 6
1125
What is -1110100 (base 2) in base 5?
-431
Convert -5 (base 12) to base 10.
-5
231 (base 4) to base 16
2d
Convert 20 (base 5) to base 14.
a
What is 1 (base 6) in base 13?
1
What is -2 (base 10) in base 15?
-2
Convert 0 (base 5) to base 12.
0
What is 155 (base 13) in base 16?
ef
What is -2222 (base 4) in base 8?
-252
Convert -1102 (base 4) to base 16.
-52
What is 0 (base 6) in base 2?
0
Convert 30 (base 6) to base 13.
15
What is 3 (base 12) in base 13?
3
-101 (base 2) to base 13
-5
16 (base 16) to base 11
20
Convert -2 (base 12) to base 7.
-2
Convert 3 (base 9) to base 3.
10
144 (base 13) to base 5
1400
Convert -7 (base 15) to base 5.
-12
Convert -27 (base 9) to base 7.
-34
What is 4 (base 7) in base 9?
4
Convert 12032 (base 4) to base 11.
332
What is 1 (base 7) in base 11?
1
Convert 13 (base 14) to base 3.
122
What is -11 (base 4) in base 14?
-5
What is -3a (base 14) in base 9?
-57
Convert 1 (base 11) to base 3.
1
What is -2 (base 16) in base 3?
-2
What is 54 (base 16) in base 3?
10010
What is -18 (base 16) in base 6?
-40
Convert 1 (base 10) to base 15.
1
What is a (base 13) in base 15?
a
-27 (base 14) to base 3
-1022
2 (base 9) to base 4
2
Convert 110100 (base 2) to base 11.
48
Convert -c (base 16) to base 5.
-22
1 (base 4) to base 7
1
Convert 1 (base 12) to base 16.
1
5 (base 14) to base 16
5
Convert -101010 (base 2) to base 3.
-1120
What is 3 (base 8) in base 10?
3
What is 40 (base 15) in base 5?
220
What is -74 (base 9) in base 3?
-2111
Convert -15 (base 9) to base 16.
-e
Convert 59 (base 13) to base 5.
244
Convert -74 (base 16) to base 13.
-8c
-a8 (base 14) to base 16
-94
Convert -1 (base 4) to base 14.
-1
2 (base 5) to base 6
2
Convert -4 (base 9) to base 3.
-11
2 (base 13) to base 15
2
What is -11 (base 7) in base 10?
-8
Convert 24 (base 9) to base 10.
22
What is 1 (base 4) in base 10?
1
What is 3 (base 4) in base 8?
3
What is -46 (base 10) in base 12?
-3a
Convert 13 (base 4) to base 2.
111
Convert 5 (base 7) to base 10.
5
Convert 0 (base 8) to base 5.
0
Convert 12 (base 15) to base 2.
10001
Convert -1c (base 14) to base 3.
-222
Convert -3 (base 12) to base 3.
-10
What is 7 (base 12) in base 11?
7
Convert 6b (base 14) to base 11.
87
What is 1022 (base 5) in base 7?
254
-2 (base 13) to base 4
-2
Convert -22 (base 3) to base 13.
-8
What is -153 (base 6) in base 10?
-69
Convert -140 (base 10) to base 12.
-b8
Convert -20 (base 10) to base 5.
-40
What is 101102 (base 3) in base 7?
551
-420 (base 10) to base 16
-1a4
88 (base 14) to base 16
78
22 (base 13) to base 6
44
What is -5 (base 9) in base 12?
-5
Convert -38 (base 14) to base 16.
-32
Convert -9a (base 13) to base 12.
-a7
What is 17 (base 16) in base 5?
43
-1 (base 2) to base 16
-1
Convert 259 (base 10) to base 16.
103
Convert -2 (base 16) to base 5.
-2
Convert -20201 (base 3) to base 15.
-c1
What is -124 (base 12) in base 15?
-b7
What is 174 (base 8) in base 13?
97
What is 41 (base 10) in base 4?
221
What is -3 (base 5) in base 6?
-3
What is e (base 15) in base 14?
10
Convert 0 (base 7) to base 8.
0
-1b (base 16) to base 2
-11011
-1 (base 14) to base 2
-1
55 (base 14) to base 11
69
-1101 (base 2) to base 5
-23
24 (base 5) to base 16
e
-102 (base 5) to base 6
-43
Convert 120 (base 4) to base 7.
33
Convert -2 (base 6) to base 14.
-2
What is 2 (base 8) in base 3?
2
-2 (base 15) to base 10
-2
-1 (base 4) to base 10
-1
What is 46 (base 10) in base 2?
101110
Convert d (base 15) to base 5.
23
What is 0 (base 12) in base 6?
0
-1 (base 8) to base 11
-1
132 (base 9) to base 14
7c
Convert -3d (base 14) to base 16.
-37
Convert -1 (base 15) to base 12.
-1
264 (base 12) to base 2
101101100
220 (base 9) to base 11
154
What is -50 (base 9) in base 2?
-101101
What is 1 (base 5) in base 3?
1
What is 33 (base 6) in base 11?
1a
Convert -c (base 13) to base 15.
-c
Convert 10 (base 10) to base 6.
14
What is 1111 (base 2) in base 16?
f
49 (base 10) to base 14
37
What is 43 (base 15) in base 14?
47
What is -1 (base 16) in base 12?
-1
Convert -301 (base 7) to base 15.
-9d
Convert -70 (base 10) to base 7.
-130
12 (base 13) to base 12
13
1205 (base 6) to base 11
247
What is -b (base 12) in base 4?
-23
Convert 2 (base 8) to base 10.
2
Convert -17 (base 16) to base 9.
-25
Convert -2 (base 8) to base 3.
-2
What is 24 (base 10) in base 9?
26
What is -101010 (base 2) in base 3?
-1120
What is 4 (base 9) in base 14?
4
What is -5 (base 8) in base 16?
-5
What is 177 (base 13) in base 4?
10023
What is -11011 (base 2) in base 10?
-27
What is -12 (base 3) in base 11?
-5
Convert 1001 (base 4) to base 2.
1000001
-146 (base 7) to base 8
-123
What is -7 (base 8) in base 6?
-11
Convert 2 (base 9) to base 11.
2
What is -41 (base 13) in base 14?
-3b
20 (base 7) to base 4
32
102120 (base 3) to base 9
376
Convert -2202 (base 3) to base 12.
-62
-16 (base 13) to base 16
-13
Convert 191 (base 10) to base 15.
cb
4 (base 16) to base 4
10
-1233 (base 4) to base 15
-76
21 (base 14) to base 7
41
Convert 1011 (base 2) to base 12.
b
Convert 7b (base 13) to base 4.
1212
What is 9 (base 15) in base 3?
100
Convert 77 (base 15) to base 10.
112
4 (base 13) to base 15
4
What is 10 (base 7) in base 16?
7
Convert -7 (base 13) to base 3.
-21
1301 (base 5) to base 16
c9
13 (base 13) to base 5
31
What is -47 (base 8) in base 10?
-39
11 (base 2) to base 4
3
11000 (base 2) to base 7
33
Convert 0 (base 5) to base 7.
0
1 (base 2) to base 8
1
What is -24 (base 14) in base 15?
-22
What is -12 (base 3) in base 8?
-5
Convert 2 (base 12) to base 6.
2
What is 33 (base 4) in base 15?
10
-4 (base 11) to base 5
-4
What is 0 (base 5) in base 13?
0
Convert -4 (base 15) to base 13.
-4
Convert -117 (base 8) to base 4.
-1033
9 (base 10) to base 14
9
Convert 12 (base 3) to base 8.
5
Convert -6 (base 9) to base 12.
-6
-2 (base 5) to base 10
-2
What is -103 (base 5) in base 6?
-44
-12 (base 4) to base 8
-6
Convert 33 (base 11) to base 16.
24
Convert -59 (base 10) to base 13.
-47
12 (base 15) to base 14
13
What is -d (base 15) in 